{"id":12,"date":"2018-02-09T18:54:53","date_gmt":"2018-02-09T18:54:53","guid":{"rendered":"http:\/\/ludgerischule-dingden.de\/?page_id=12"},"modified":"2018-05-29T18:22:38","modified_gmt":"2018-05-29T18:22:38","slug":"leitbild","status":"publish","type":"page","link":"https:\/\/ludgerischule-dingden.de\/?page_id=12","title":{"rendered":"Leitbild"},"content":{"rendered":"<p><img loading=\"lazy\" decoding=\"async\" class=\" wp-image-32 aligncenter\" src=\"https:\/\/ludgerischule-dingden.de\/wp-content\/uploads\/2018\/02\/logo-300x67.jpg\" alt=\"\" width=\"372\" height=\"83\" srcset=\"https:\/\/ludgerischule-dingden.de\/wp-content\/uploads\/2018\/02\/logo-300x67.jpg 300w, https:\/\/ludgerischule-dingden.de\/wp-content\/uploads\/2018\/02\/logo.jpg 492w\" sizes=\"auto, (max-width: 372px) 100vw, 372px\" \/><\/p>\n<p style=\"text-align: center;\"><strong>Wir sind immer in Bewegung, weil <\/strong><\/p>\n<p style=\"text-align: center;\">\u2026 wir jeden in seiner Individualit\u00e4t annehmen,<\/p>\n<p style=\"text-align: center;\">\u2026 jeder mit seiner Pers\u00f6nlichkeit das Schulleben mitgestaltet,<\/p>\n<p style=\"text-align: center;\">\u2026 die Freude am Lernen und das soziale Miteinander gef\u00f6rdert werden,<\/p>\n<p style=\"text-align: center;\">\u2026 gegenseitige R\u00fccksichtnahme und Respekt voreinander gepflegt werden,<\/p>\n<p style=\"text-align: center;\">\u2026 unsere R\u00e4umlichkeiten und Angebote zum Bewegen und Verweilen einladen,<\/p>\n<p style=\"text-align: center;\">\u00a0\u2026 wir Raum zum Entfalten geben,<\/p>\n<p style=\"text-align: center;\">\u2026 unsere Angebote zum Lernen und zur selbstst\u00e4ndigen Auseinandersetzung herausfordern,<\/p>\n<p style=\"text-align: center;\">\u2026 wir auch Umwege und Fehler bei Lernprozessen positiv nutzen,<\/p>\n<p style=\"text-align: center;\">\u2026 wir uns neuen Herausforderungen stellen<\/p>\n<p style=\"text-align: center;\">\u2026 uns didaktische, methodische und konzeptionelle Weiterentwicklung wichtig ist.<\/p>\n<p style=\"text-align: center;\">In einer \u201eSchule in Bewegung\u201c sind alle Menschen Lernende. Hier w\u00e4chst das Vertrauen, dass sich jeder weiterentwickeln kann. In der Ludgerischule findet ein St\u00fcck Leben statt, das es mit allen zu gestalten gilt. In ihr arbeiten Kinder, Eltern, Lehrer und p\u00e4dagogisches Personal Hand in Hand, sodass sich alle wohlf\u00fchlen k\u00f6nnen.<\/p>\n","protected":false},"excerpt":{"rendered":"<p>Wir sind immer in Bewegung, weil \u2026 wir jeden in seiner Individualit\u00e4t annehmen, \u2026 jeder mit seiner Pers\u00f6nlichkeit das Schulleben mitgestaltet, \u2026 die Freude am Lernen und das soziale Miteinander gef\u00f6rdert werden, \u2026 gegenseitige R\u00fccksichtnahme und Respekt voreinander gepflegt werden, &hellip; <a href=\"https:\/\/ludgerischule-dingden.de\/?page_id=12\">Weiterlesen <span class=\"meta-nav\">&rarr;<\/span><\/a><\/p>\n","protected":false},"author":1,"featured_media":0,"parent":0,"menu_order":0,"comment_status":"closed","ping_status":"closed","template":"","meta":{"footnotes":""},"class_list":["post-12","page","type-page","status-publish","hentry"],"_links":{"self":[{"href":"https:\/\/ludgerischule-dingden.de\/index.php?rest_route=\/wp\/v2\/pages\/12","targetHints":{"allow":["GET"]}}],"collection":[{"href":"https:\/\/ludgerischule-dingden.de\/index.php?rest_route=\/wp\/v2\/pages"}],"about":[{"href":"https:\/\/ludgerischule-dingden.de\/index.php?rest_route=\/wp\/v2\/types\/page"}],"author":[{"embeddable":true,"href":"https:\/\/ludgerischule-dingden.de\/index.php?rest_route=\/wp\/v2\/users\/1"}],"replies":[{"embeddable":true,"href":"https:\/\/ludgerischule-dingden.de\/index.php?rest_route=%2Fwp%2Fv2%2Fcomments&post=12"}],"version-history":[{"count":3,"href":"https:\/\/ludgerischule-dingden.de\/index.php?rest_route=\/wp\/v2\/pages\/12\/revisions"}],"predecessor-version":[{"id":133,"href":"https:\/\/ludgerischule-dingden.de\/index.php?rest_route=\/wp\/v2\/pages\/12\/revisions\/133"}],"wp:attachment":[{"href":"https:\/\/ludgerischule-dingden.de\/index.php?rest_route=%2Fwp%2Fv2%2Fmedia&parent=12"}],"curies":[{"name":"wp","href":"https:\/\/api.w.org\/{rel}","templated":true}]}}